{"id":267,"date":"2014-12-30T13:32:00","date_gmt":"2014-12-30T13:32:00","guid":{"rendered":"http:\/\/haldenfrikirke.no\/?page_id=267"},"modified":"2015-08-23T12:17:38","modified_gmt":"2015-08-23T12:17:38","slug":"utleie","status":"publish","type":"page","link":"https:\/\/haldenfrikirke.no\/?page_id=267","title":{"rendered":"Utleie"},"content":{"rendered":"<p>Halden Frikirke har lokaler som kan leies til m\u00f8ter, seminarer og selskaper.\u00a0Lokalene har\u00a0kj\u00f8kken med dekket\u00f8y.<\/p>\n<p>For sp\u00f8rsm\u00e5l om leie, <a title=\"Menighetens kontor og ansatte\" href=\"http:\/\/haldenfrikirke.no\/?page_id=377\">kontakt menighetskontoret<\/a>.<\/p>\n","protected":false},"excerpt":{"rendered":"<p>Halden Frikirke har lokaler som kan leies til m\u00f8ter, seminarer og selskaper.\u00a0Lokalene har\u00a0kj\u00f8kken med dekket\u00f8y. For sp\u00f8rsm\u00e5l om leie, kontakt menighetskontoret.<\/p>\n","protected":false},"author":1,"featured_media":0,"parent":108,"menu_order":0,"comment_status":"closed","ping_status":"open","template":"","meta":[],"_links":{"self":[{"href":"https:\/\/haldenfrikirke.no\/index.php?rest_route=\/wp\/v2\/pages\/267"}],"collection":[{"href":"https:\/\/haldenfrikirke.no\/index.php?rest_route=\/wp\/v2\/pages"}],"about":[{"href":"https:\/\/haldenfrikirke.no\/index.php?rest_route=\/wp\/v2\/types\/page"}],"author":[{"embeddable":true,"href":"https:\/\/haldenfrikirke.no\/index.php?rest_route=\/wp\/v2\/users\/1"}],"replies":[{"embeddable":true,"href":"https:\/\/haldenfrikirke.no\/index.php?rest_route=%2Fwp%2Fv2%2Fcomments&post=267"}],"version-history":[{"count":7,"href":"https:\/\/haldenfrikirke.no\/index.php?rest_route=\/wp\/v2\/pages\/267\/revisions"}],"predecessor-version":[{"id":710,"href":"https:\/\/haldenfrikirke.no\/index.php?rest_route=\/wp\/v2\/pages\/267\/revisions\/710"}],"up":[{"embeddable":true,"href":"https:\/\/haldenfrikirke.no\/index.php?rest_route=\/wp\/v2\/pages\/108"}],"wp:attachment":[{"href":"https:\/\/haldenfrikirke.no\/index.php?rest_route=%2Fwp%2Fv2%2Fmedia&parent=267"}],"curies":[{"name":"wp","href":"https:\/\/api.w.org\/{rel}","templated":true}]}}