{"id":44,"date":"2013-11-18T17:19:55","date_gmt":"2013-11-18T16:19:55","guid":{"rendered":"http:\/\/haldenfrikirke.wordpress.com\/?page_id=44"},"modified":"2015-08-23T18:18:28","modified_gmt":"2015-08-23T18:18:28","slug":"bli-medlem","status":"publish","type":"page","link":"https:\/\/haldenfrikirke.no\/?page_id=44","title":{"rendered":"Bli medlem"},"content":{"rendered":"<p>Alle som er d\u00f8pt med en kristen d\u00e5p kan opptas som medlemmer i Den Evangelisk Lutherske Frikirke. I f\u00f8lge norsk lov kan man bare v\u00e6re medlem i ett kirkesamfunn om gangen.\u00a0 Har du sp\u00f8rsm\u00e5l rundt medlemskap ber vi deg ta <a href=\"http:\/\/haldenfrikirke.no\/?page_id=377\">kontakt<\/a> med pastor.<\/p>\n<p>I Frikirken er det to medlemskategorier:<\/p>\n<ol>\n<li>Medlemmer med stemmerett er med p\u00e5 \u00e5 styre menighetens virksomhet gjennom forslags-, tale- og stemmerett p\u00e5 menighetsm\u00f8ter. Medlemmer med stemmerett stiller seg lojale til Frikirkens tro og l\u00e6re, regner seg som bekjennende kristne og har et aktivt forhold til kirkens aktiviteter og givertjeneste.<\/li>\n<li>Medlemmer uten stemmerett.\n<ol>\n<li>Barn fram til fylte 15 \u00e5r.<\/li>\n<li>Medlemmer over 15 \u00e5r som av ulike grunner ikke har stemmerett, men som opplever Frikirken som sin menighet og \u00f8nsker \u00e5 tilh\u00f8re den.<\/li>\n<\/ol>\n<\/li>\n<\/ol>\n<p><a href=\"http:\/\/www.frikirken.no\/organisasjons--og-personalhandboken\" target=\"_blank\">Her<\/a> kan du lese mer om Frikirkens l\u00e6regrunnlag og oppbygning.<\/p>\n","protected":false},"excerpt":{"rendered":"<p>Alle som er d\u00f8pt med en kristen d\u00e5p kan opptas som medlemmer i Den Evangelisk Lutherske Frikirke. I f\u00f8lge norsk lov kan man bare v\u00e6re medlem i ett kirkesamfunn om &hellip; <a href=\"https:\/\/haldenfrikirke.no\/?page_id=44\" class=\"more-link\">Fortsett \u00e5 lese <span class=\"screen-reader-text\">Bli medlem<\/span> <span class=\"meta-nav\">&rarr;<\/span><\/a><\/p>\n","protected":false},"author":1,"featured_media":0,"parent":40,"menu_order":0,"comment_status":"closed","ping_status":"open","template":"","meta":[],"_links":{"self":[{"href":"https:\/\/haldenfrikirke.no\/index.php?rest_route=\/wp\/v2\/pages\/44"}],"collection":[{"href":"https:\/\/haldenfrikirke.no\/index.php?rest_route=\/wp\/v2\/pages"}],"about":[{"href":"https:\/\/haldenfrikirke.no\/index.php?rest_route=\/wp\/v2\/types\/page"}],"author":[{"embeddable":true,"href":"https:\/\/haldenfrikirke.no\/index.php?rest_route=\/wp\/v2\/users\/1"}],"replies":[{"embeddable":true,"href":"https:\/\/haldenfrikirke.no\/index.php?rest_route=%2Fwp%2Fv2%2Fcomments&post=44"}],"version-history":[{"count":5,"href":"https:\/\/haldenfrikirke.no\/index.php?rest_route=\/wp\/v2\/pages\/44\/revisions"}],"predecessor-version":[{"id":716,"href":"https:\/\/haldenfrikirke.no\/index.php?rest_route=\/wp\/v2\/pages\/44\/revisions\/716"}],"up":[{"embeddable":true,"href":"https:\/\/haldenfrikirke.no\/index.php?rest_route=\/wp\/v2\/pages\/40"}],"wp:attachment":[{"href":"https:\/\/haldenfrikirke.no\/index.php?rest_route=%2Fwp%2Fv2%2Fmedia&parent=44"}],"curies":[{"name":"wp","href":"https:\/\/api.w.org\/{rel}","templated":true}]}}