{"id":46,"date":"2013-11-18T17:20:12","date_gmt":"2013-11-18T16:20:12","guid":{"rendered":"http:\/\/haldenfrikirke.wordpress.com\/?page_id=46"},"modified":"2015-07-23T18:30:17","modified_gmt":"2015-07-23T18:30:17","slug":"fast-givertjeneste","status":"publish","type":"page","link":"https:\/\/haldenfrikirke.no\/?page_id=46","title":{"rendered":"Fast givertjeneste"},"content":{"rendered":"<p><span style=\"color: #999999;\"><em><span style=\"text-decoration: underline;\"><a href=\"http:\/\/haldenfrikirke.no\/wp-content\/uploads\/2015\/07\/Vi-l\u00f8fter-i-flokk-2014_04-2.pdf\">Klikk her<\/a><\/span> <span style=\"color: #000000;\">for \u00e5 se v\u00e5r brosjyre om givertjeneste i Halden Frikirke.<\/span><\/em><\/span><\/p>\n<p style=\"text-align: left;\"><img loading=\"lazy\" class=\"aligncenter wp-image-497 size-full\" src=\"http:\/\/haldenfrikirke.no\/wp-content\/uploads\/2013\/11\/Vi-l\u00f8fter-i-flokk.jpg\" alt=\"Vi l\u00f8fter i flokk. Grafikk.\" width=\"569\" height=\"210\" srcset=\"https:\/\/haldenfrikirke.no\/wp-content\/uploads\/2013\/11\/Vi-l\u00f8fter-i-flokk.jpg 569w, https:\/\/haldenfrikirke.no\/wp-content\/uploads\/2013\/11\/Vi-l\u00f8fter-i-flokk-300x111.jpg 300w\" sizes=\"(max-width: 569px) 100vw, 569px\" \/><\/p>\n<p style=\"text-align: left;\">Det koster ikke noe \u00e5 v\u00e6re med i Frikirken. Samtidig er vi helt avhengige av nok inntekter for \u00e5 kunne drive menighetens arbeid. Som selvstendig kirke kommer det aller meste av v\u00e5re inntekter fra medlemmer og andre frivillige givere.\u00a0 Vi oppfordrer alle som kan, til \u00e5 tegne seg som faste givere siden det gir den n\u00f8dvendige forutsigbarhet og trygghet for dem som forvalter \u00f8konomien.<\/p>\n<p>Menigheten har utarbeidet en <a href=\"http:\/\/haldenfrikirke.no\/wp-content\/uploads\/2015\/07\/Vi-l\u00f8fter-i-flokk-2014_04-2.pdf\">brosjyre<\/a> som forteller mer om givertjenesten.\u00a0Der kan\u00a0du blant annet lese om hvilke inntekter vi trenger og hvordan du praktisk kan tegne seg som giver.<\/p>\n<p>Vi minner om at registrerte givere f\u00e5r skattefradrag\u00a0etter gjeldende skatteregler.<\/p>\n<blockquote><p>\u00a0<span style=\"color: #008000;\"><strong>\u00abEnhver skal gi som han har bestemt seg til, ikke med ulyst eller av tvang, for Gud elsker en glad giver.\u00bb 2. Kor 9,7<\/strong><\/span><\/p><\/blockquote>\n","protected":false},"excerpt":{"rendered":"<p>Klikk her for \u00e5 se v\u00e5r brosjyre om givertjeneste i Halden Frikirke. Det koster ikke noe \u00e5 v\u00e6re med i Frikirken. Samtidig er vi helt avhengige av nok inntekter for &hellip; <a href=\"https:\/\/haldenfrikirke.no\/?page_id=46\" class=\"more-link\">Fortsett \u00e5 lese <span class=\"screen-reader-text\">Fast givertjeneste<\/span> <span class=\"meta-nav\">&rarr;<\/span><\/a><\/p>\n","protected":false},"author":1,"featured_media":0,"parent":40,"menu_order":0,"comment_status":"closed","ping_status":"open","template":"","meta":[],"_links":{"self":[{"href":"https:\/\/haldenfrikirke.no\/index.php?rest_route=\/wp\/v2\/pages\/46"}],"collection":[{"href":"https:\/\/haldenfrikirke.no\/index.php?rest_route=\/wp\/v2\/pages"}],"about":[{"href":"https:\/\/haldenfrikirke.no\/index.php?rest_route=\/wp\/v2\/types\/page"}],"author":[{"embeddable":true,"href":"https:\/\/haldenfrikirke.no\/index.php?rest_route=\/wp\/v2\/users\/1"}],"replies":[{"embeddable":true,"href":"https:\/\/haldenfrikirke.no\/index.php?rest_route=%2Fwp%2Fv2%2Fcomments&post=46"}],"version-history":[{"count":14,"href":"https:\/\/haldenfrikirke.no\/index.php?rest_route=\/wp\/v2\/pages\/46\/revisions"}],"predecessor-version":[{"id":659,"href":"https:\/\/haldenfrikirke.no\/index.php?rest_route=\/wp\/v2\/pages\/46\/revisions\/659"}],"up":[{"embeddable":true,"href":"https:\/\/haldenfrikirke.no\/index.php?rest_route=\/wp\/v2\/pages\/40"}],"wp:attachment":[{"href":"https:\/\/haldenfrikirke.no\/index.php?rest_route=%2Fwp%2Fv2%2Fmedia&parent=46"}],"curies":[{"name":"wp","href":"https:\/\/api.w.org\/{rel}","templated":true}]}}