{"id":502,"date":"2015-07-15T11:35:34","date_gmt":"2015-07-15T11:35:34","guid":{"rendered":"http:\/\/haldenfrikirke.no\/?post_type=tribe_events&#038;p=502"},"modified":"2015-07-15T11:35:34","modified_gmt":"2015-07-15T11:35:34","slug":"menighetsweekend","status":"publish","type":"tribe_events","link":"https:\/\/haldenfrikirke.no\/?tribe_events=menighetsweekend","title":{"rendered":"Menighetsweekend"},"content":{"rendered":"<p>P\u00e5 menighetsweekend blir det opplegg b\u00e5de for liten og for stor. Til familiegudstjenesten p\u00e5 s\u00f8ndag f\u00e5r vi bes\u00f8k av synodeformann Jarle Skullerud som skal tale for oss.<\/p>\n<p>Sett av helga og meld deg p\u00e5 til <a href=\"wlmailhtml:{B35DAB97-933D-4B02-945D-200029DF64D9}mid:\/\/00000161\/!x-usc:mailto:halden@frikirken.no\"><u><span style=\"color: #0066cc;\">halden@frikirken.no<\/span><\/u><\/a>.<\/p>\n","protected":false},"excerpt":{"rendered":"<p>P\u00e5 menighetsweekend blir det opplegg b\u00e5de for liten og for stor. Til familiegudstjenesten p\u00e5 s\u00f8ndag f\u00e5r vi bes\u00f8k av synodeformann Jarle Skullerud som skal tale for oss. Sett av helga &hellip; <a href=\"https:\/\/haldenfrikirke.no\/?tribe_events=menighetsweekend\" class=\"more-link\">Fortsett \u00e5 lese <span class=\"screen-reader-text\">Menighetsweekend<\/span> <span class=\"meta-nav\">&rarr;<\/span><\/a><\/p>\n","protected":false},"author":1,"featured_media":0,"comment_status":"closed","ping_status":"closed","template":"","meta":{"_tribe_events_status":"","_tribe_events_status_reason":""},"tags":[],"tribe_events_cat":[7],"_links":{"self":[{"href":"https:\/\/haldenfrikirke.no\/index.php?rest_route=\/wp\/v2\/tribe_events\/502"}],"collection":[{"href":"https:\/\/haldenfrikirke.no\/index.php?rest_route=\/wp\/v2\/tribe_events"}],"about":[{"href":"https:\/\/haldenfrikirke.no\/index.php?rest_route=\/wp\/v2\/types\/tribe_events"}],"author":[{"embeddable":true,"href":"https:\/\/haldenfrikirke.no\/index.php?rest_route=\/wp\/v2\/users\/1"}],"replies":[{"embeddable":true,"href":"https:\/\/haldenfrikirke.no\/index.php?rest_route=%2Fwp%2Fv2%2Fcomments&post=502"}],"version-history":[{"count":0,"href":"https:\/\/haldenfrikirke.no\/index.php?rest_route=\/wp\/v2\/tribe_events\/502\/revisions"}],"wp:attachment":[{"href":"https:\/\/haldenfrikirke.no\/index.php?rest_route=%2Fwp%2Fv2%2Fmedia&parent=502"}],"wp:term":[{"taxonomy":"post_tag","embeddable":true,"href":"https:\/\/haldenfrikirke.no\/index.php?rest_route=%2Fwp%2Fv2%2Ftags&post=502"},{"taxonomy":"tribe_events_cat","embeddable":true,"href":"https:\/\/haldenfrikirke.no\/index.php?rest_route=%2Fwp%2Fv2%2Ftribe_events_cat&post=502"}],"curies":[{"name":"wp","href":"https:\/\/api.w.org\/{rel}","templated":true}]}}

<p>På menighetsweekend blir det opplegg både for liten og for stor. Til familiegudstjenesten på søndag får vi besøk av synodeformann Jarle Skullerud som skal tale for oss.</p>
<p>Sett av helga og meld deg på til <a href="wlmailhtml:{B35DAB97-933D-4B02-945D-200029DF64D9}mid://00000161/!x-usc:mailto:halden@frikirken.no"><u><span style="color: #0066cc;">halden@frikirken.no</span></u></a>.</p>

<p>På menighetsweekend blir det opplegg både for liten og for stor. Til familiegudstjenesten på søndag får vi besøk av synodeformann Jarle Skullerud som skal tale for oss. Sett av helga &hellip; <a href="https://haldenfrikirke.no/?tribe_events=menighetsweekend" class="more-link">Fortsett å lese <span class="screen-reader-text">Menighetsweekend</span> <span class="meta-nav">&rarr;</span></a></p>
