{"id":5313,"date":"2025-01-02T15:18:23","date_gmt":"2025-01-02T15:18:23","guid":{"rendered":"https:\/\/haldenfrikirke.no\/?post_type=tribe_events&#038;p=5313"},"modified":"2025-01-02T15:18:23","modified_gmt":"2025-01-02T15:18:23","slug":"formiddagstreff-53","status":"publish","type":"tribe_events","link":"https:\/\/haldenfrikirke.no\/?tribe_events=formiddagstreff-53","title":{"rendered":"Formiddagstreff"},"content":{"rendered":"<p>&laquo;Demens i Halden, tilbud og ettersp\u00f8rsel&raquo; Bes\u00f8k av Cecilie Billington Hedin og Arve T\u00f8nnessen. Andakt ved Albert Gj\u00f8st\u00f8l.<\/p>\n","protected":false},"excerpt":{"rendered":"<p>&laquo;Demens i Halden, tilbud og ettersp\u00f8rsel&raquo; Bes\u00f8k av Cecilie Billington Hedin og Arve T\u00f8nnessen. Andakt ved Albert Gj\u00f8st\u00f8l.<\/p>\n","protected":false},"author":1,"featured_media":0,"comment_status":"closed","ping_status":"closed","template":"","meta":{"_tribe_events_status":"","_tribe_events_status_reason":""},"tags":[],"tribe_events_cat":[],"_links":{"self":[{"href":"https:\/\/haldenfrikirke.no\/index.php?rest_route=\/wp\/v2\/tribe_events\/5313"}],"collection":[{"href":"https:\/\/haldenfrikirke.no\/index.php?rest_route=\/wp\/v2\/tribe_events"}],"about":[{"href":"https:\/\/haldenfrikirke.no\/index.php?rest_route=\/wp\/v2\/types\/tribe_events"}],"author":[{"embeddable":true,"href":"https:\/\/haldenfrikirke.no\/index.php?rest_route=\/wp\/v2\/users\/1"}],"replies":[{"embeddable":true,"href":"https:\/\/haldenfrikirke.no\/index.php?rest_route=%2Fwp%2Fv2%2Fcomments&post=5313"}],"version-history":[{"count":1,"href":"https:\/\/haldenfrikirke.no\/index.php?rest_route=\/wp\/v2\/tribe_events\/5313\/revisions"}],"predecessor-version":[{"id":5314,"href":"https:\/\/haldenfrikirke.no\/index.php?rest_route=\/wp\/v2\/tribe_events\/5313\/revisions\/5314"}],"wp:attachment":[{"href":"https:\/\/haldenfrikirke.no\/index.php?rest_route=%2Fwp%2Fv2%2Fmedia&parent=5313"}],"wp:term":[{"taxonomy":"post_tag","embeddable":true,"href":"https:\/\/haldenfrikirke.no\/index.php?rest_route=%2Fwp%2Fv2%2Ftags&post=5313"},{"taxonomy":"tribe_events_cat","embeddable":true,"href":"https:\/\/haldenfrikirke.no\/index.php?rest_route=%2Fwp%2Fv2%2Ftribe_events_cat&post=5313"}],"curies":[{"name":"wp","href":"https:\/\/api.w.org\/{rel}","templated":true}]}}

<p>&laquo;Demens i Halden, tilbud og etterspørsel&raquo; Besøk av Cecilie Billington Hedin og Arve Tønnessen. Andakt ved Albert Gjøstøl.</p>
