{"id":628,"date":"2015-07-22T18:41:19","date_gmt":"2015-07-22T18:41:19","guid":{"rendered":"http:\/\/haldenfrikirke.no\/?post_type=tribe_events&#038;p=628"},"modified":"2015-07-22T18:45:57","modified_gmt":"2015-07-22T18:45:57","slug":"soul-children-festival-i-oslo","status":"publish","type":"tribe_events","link":"https:\/\/haldenfrikirke.no\/?tribe_events=soul-children-festival-i-oslo","title":{"rendered":"Soul Children Festival i Oslo"},"content":{"rendered":"<p>The International Soul Children Festival g\u00e5r mot enda nye h\u00f8yder og vil bli arrangert for ellevte \u00e5ret p\u00e5 rad med norske &#8211; og internasjonale artister og instrukt\u00f8rer i Oslo Spektrum.<\/p>\n<p>Festivalen er for korsangere fra 5. klassetrinn og oppover, og deres korledere.<\/p>\n<p><a href=\"http:\/\/www.soulchildren.no\/festivalen\">Se her for mer informasjon<\/a>.<\/p>\n","protected":false},"excerpt":{"rendered":"<p>The International Soul Children Festival g\u00e5r mot enda nye h\u00f8yder og vil bli arrangert for ellevte \u00e5ret p\u00e5 rad med norske &#8211; og internasjonale artister og instrukt\u00f8rer i Oslo Spektrum. &hellip; <a href=\"https:\/\/haldenfrikirke.no\/?tribe_events=soul-children-festival-i-oslo\" class=\"more-link\">Fortsett \u00e5 lese <span class=\"screen-reader-text\">Soul Children Festival i Oslo<\/span> <span class=\"meta-nav\">&rarr;<\/span><\/a><\/p>\n","protected":false},"author":1,"featured_media":0,"comment_status":"closed","ping_status":"closed","template":"","meta":{"_tribe_events_status":"","_tribe_events_status_reason":""},"tags":[],"tribe_events_cat":[16],"_links":{"self":[{"href":"https:\/\/haldenfrikirke.no\/index.php?rest_route=\/wp\/v2\/tribe_events\/628"}],"collection":[{"href":"https:\/\/haldenfrikirke.no\/index.php?rest_route=\/wp\/v2\/tribe_events"}],"about":[{"href":"https:\/\/haldenfrikirke.no\/index.php?rest_route=\/wp\/v2\/types\/tribe_events"}],"author":[{"embeddable":true,"href":"https:\/\/haldenfrikirke.no\/index.php?rest_route=\/wp\/v2\/users\/1"}],"replies":[{"embeddable":true,"href":"https:\/\/haldenfrikirke.no\/index.php?rest_route=%2Fwp%2Fv2%2Fcomments&post=628"}],"version-history":[{"count":0,"href":"https:\/\/haldenfrikirke.no\/index.php?rest_route=\/wp\/v2\/tribe_events\/628\/revisions"}],"wp:attachment":[{"href":"https:\/\/haldenfrikirke.no\/index.php?rest_route=%2Fwp%2Fv2%2Fmedia&parent=628"}],"wp:term":[{"taxonomy":"post_tag","embeddable":true,"href":"https:\/\/haldenfrikirke.no\/index.php?rest_route=%2Fwp%2Fv2%2Ftags&post=628"},{"taxonomy":"tribe_events_cat","embeddable":true,"href":"https:\/\/haldenfrikirke.no\/index.php?rest_route=%2Fwp%2Fv2%2Ftribe_events_cat&post=628"}],"curies":[{"name":"wp","href":"https:\/\/api.w.org\/{rel}","templated":true}]}}

<p>The International Soul Children Festival går mot enda nye høyder og vil bli arrangert for ellevte året på rad med norske &#8211; og internasjonale artister og instruktører i Oslo Spektrum.</p>
<p>Festivalen er for korsangere fra 5. klassetrinn og oppover, og deres korledere.</p>
<p><a href="http://www.soulchildren.no/festivalen">Se her for mer informasjon</a>.</p>

<p>The International Soul Children Festival går mot enda nye høyder og vil bli arrangert for ellevte året på rad med norske &#8211; og internasjonale artister og instruktører i Oslo Spektrum. &hellip; <a href="https://haldenfrikirke.no/?tribe_events=soul-children-festival-i-oslo" class="more-link">Fortsett å lese <span class="screen-reader-text">Soul Children Festival i Oslo</span> <span class="meta-nav">&rarr;</span></a></p>
